alculate the remainder when m is divided by 5.
2
Let s(j) = j - 1. Let p(b) = 5*b + 8. Let l(r) = p(r) - 4*s(r). What is the remainder when l(9) is divided by 11?
10
Let h = -57 - -59. Let j = 1 + 1. Calculate the remainder when h is divided by j.
0
Let b = -56 - -78. Suppose f = -5*n + 27, -11 - 19 = -2*f - 2*n. What is the remainder when b is divided by f?
10
Suppose 2*s - 10 = 5*x, -2*x - 5 = -s - 0*s. Let n be 9/2*10/15. Calculate the remainder when 2*n/(-6) + s is divided by 2.
0
Let u = 73 + -22. What is the remainder when 203 is divided by u?
50
Let q(s) = -s**2 - 7*s + 7. What is the remainder when 48 is divided by q(-5)?
14
Let n = 18 - 2. Suppose 3*o - 5*c = -o - 21, 0 = 5*o + 4*c + n. Let u = 6 + o. Calculate the remainder when 3 is divided by u.
1
Suppose -78 = 4*l + 30. What is the remainder when 51 is divided by 4 + 4/((-12)/l)?
12
Suppose -3*j + 4 = -2*j + 3*f, -4*f + 16 = 4*j. Let r = 5 - 7. Calculate the remainder when (2 - 9)/(r/j) is divided by 8.
6
Let i = 18 + -13. Let y = 12 - i. Suppose 0*o - 2*o + 9 = 5*l, -4*l = 12. What is the remainder when o is divided by y?
5
What is the remainder when 9 is divided by 40/(-24)*6/(-5)?
1
Calculate the remainder when 1 is divided by -2 + (1 - -2)*1.
0
Let c = -12 - -9. Let x = 20 + c. Calculate the remainder when -1*(2 + -53) - 2 is divided by x.
15
Let b(v) = -2*v**2 + 2*v + 7. Let j be b(7). What is the remainder when j/(-3) + 2/(-3) is divided by 13?
12
Let u(l) = 2*l - 2. Calculate the remainder when 58 is divided by u(16).
28
Let l be 1 + (0 - -1) - 3. Calculate the remainder when 31 is divided by (l*3)/((-21)/77).
9
Let b = -16 - -22. What is the remainder when 9 is divided by b?
3
Suppose -2*b = -5*b - v + 11, 0 = -b - 5*v + 27. Let p be (-1)/b*3*6. Let t = p + 15. What is the remainder when 10 is divided by t?
4
Let j be (2 - 2)*(-1)/2. Suppose -3*l + 5*c - 20 = j, l - c - 16 = -5*c. Suppose l = -w - w + 30. Calculate the remainder when 43 is divided by w.
13
Let u be 2/4*(-12)/2. What is the remainder when (u - -6)*186/9 is divided by 16?
14
Suppose 5*b - 25 = -3*r, 0 = -2*b - 2*r - 0*r + 10. Suppose 0 = 5*a + 5*q - 20, 0 = -2*q - 2. Let l = 8 + a. Calculate the remainder when l is divided by b.
3
Suppose -4*f = -0*f - 76. Let d(u) = 5*u + 1. Calculate the remainder when f*1 + (-11)/(-11) is divided by d(2).
9
Suppose 32 = w + w. Calculate the remainder when w is divided by 10.
6
Let r = -11 - -62. What is the remainder when r is divided by 19?
13
Suppose 0 = -2*p - p - 21. Let z(u) = -u**2 - 6*u + 8. Let m be z(p). Suppose m = 2*l - 3. Calculate the remainder when 4 is divided by l.
0
Suppose 4*y + 22 = -2*b, 5*b + 5*y + 30 = 2*b. Let k be (b/(-4))/(2/8). Suppose -k*o - 2 = -22. What is the remainder when 15 is divided by o?
3
Calculate the remainder when 1 + 19*(4 + -3) is divided by 7 + 1*(0 + 0).
6
Let s(f) = -f**3 - 4*f**2 + 8*f. What is the remainder when s(-6) is divided by -1 + 3 + (1 - -10)?
11
Suppose 3 + 13 = 2*l - 2*c, 0 = 5*c + 20. Let u be 37 - 3 - -2 - -1. Suppose -u = -4*q - 13. What is the remainder when q is divided by l?
2
Let s(v) = -106*v. Let o be s(-1). Suppose u + u - o = 0. Calculate the remainder when u is divided by 14.
11
Suppose -5*n + 212 + 104 = 2*s, n + 2*s = 68. Let k = n - 44. Calculate the remainder when 34 is divided by k.
16
Let k = 13 - -9. Calculate the remainder when k is divided by 8/2 - (2 + -4).
4
Calculate the remainder when 8 is divided by (32/(-24))/((-8)/30).
3
Suppose -3*t = x - 0*x + 3, -4 = -2*x - t. Let r(a) = -6*a + 1. Let f(l) = 6*l. Let b(n) = 4*f(n) + 3*r(n). What is the remainder when b(x) is divided by 11?
10
Let d = 46 - 33. What is the remainder when 25 is divided by d?
12
Let q(p) = p**3 + 19*p**2 + 17*p + 6. What is the remainder when 71 is divided by q(-18)?
23
Let f(j) = 3*j - 4. Let q be f(8). Suppose q = 3*r + 4*t, 5*t - 4 + 84 = 5*r. Calculate the remainder when r is divided by 5.
2
Suppose 12*g - 10*g = 130. Calculate the remainder when g is divided by 17.
14
Let r(s) = s**3 - 6*s**2 - 6. Let d be r(6). Let w(o) = -5 - 2*o - o**2 - 4*o - 3*o. What is the remainder when w(d) is divided by 7?
6
Suppose 0 = -6*v + 4*v + 8. Suppose v*y + 46 = 4*z - 34, 4*y - 74 = -3*z. Let d = 8 + 0. Calculate the remainder when z is divided by d.
6
Let n(i) = i + 15. Let j(k) = 3*k**3 + 3*k**2 - 2*k + 2. Let v be j(2). Suppose -10 = -2*z + v. What is the remainder when z is divided by n(-7)?
6
Let q = -1 + -1. Let w be (-4)/(-1) - (-1 + 0). Let i = w + q. Calculate the remainder when 4 is divided by i.
1
Suppose -4*b - 3*s + 54 + 8 = 0, -b + 3*s = -8. Let y(l) = -2*l**3 + 3*l**2 + l - 1. Calculate the remainder when y(-2) is divided by b.
11
Let x(r) = r**3 - 7*r**2 - 8*r + 8. Calculate the remainder when 30 is divided by x(8).
6
Let f(l) = -3*l + 4*l + l - l**2 + 2 - l**3. What is the remainder when 6 is divided by f(-2)?
0
Suppose 5*n + 35 = m, -n - 10 = n. Calculate the remainder when 26 is divided by m.
6
Let t = 36 - 11. Suppose 0 = -o + 17 + t. Let w = -30 + o. Calculate the remainder when 23 is divided by w.
11
Suppose 2*c - c - 20 = 0. Let h = 31 - c. Let w = 7 - 1. Calculate the remainder when h is divided by w.
5
Suppose -3*m + 31 = 4*k, 0 = 4*k - 0*m - 5*m + 9. Suppose 4*z + 1 = -3*f, -3*f + k*z + z = -8. Calculate the remainder when f + 0 + 28 + 4 is divided by 12.
9
Let s(l) = l + 4. Calculate the remainder when 49 is divided by s(9).
10
Let v be 2 + 17 + 2 + -1. Suppose 6*i = 2*i + v. Calculate the remainder when 13 is divided by i.
3
Suppose -2*o = -2*k + 2, -2*o + 4 + 2 = 2*k. Let s = k + -2. Suppose 0 = -s*p - p + 5. Calculate the remainder when 8 is divided by p.
3
Suppose 4*k + 2*y - 4 - 6 = 0, 0 = -3*k - y + 7. Suppose 7 - 1 = k*p. Suppose -2*t = 5*q - 28, t + p*q = 8*q + 29. What is the remainder when t is divided by 7?
5
Let v = -13 + 23. Let s be (7 - 1) + -5 + 3. Let q(b) = b**2 + b - 2. What is the remainder when q(s) is divided by v?
8
Suppose 0 = -4*w + 43 + 89. Calculate the remainder when w is divided by 4.
1
Let f(i) = 2*i - 8. Let p be f(6). Suppose 4*q = p*u + 80, 0*u - 2*u = 8. Calculate the remainder when 45 is divided by q.
13
Calculate the remainder when (-1)/(-1)*10 + 2 is divided by (-2)/6*3*-7.
5
Let i = 8 + 71. What is the remainder when i is divided by 31?
17
Let v(p) = p**2 - 2*p. Let z = 3 - -2. Suppose 4*g - 137 = -5*k, 0 = z*k + 3*g - 7*g - 153. Calculate the remainder when k is divided by v(-3).
14
Suppose 5*m - m + 4*p = 0, 8 = -3*m - 5*p. What is the remainder when 19 is divided by m?
3
Let s(j) = -34*j**2 - 5*j + 6. Let k be s(10). Let o be k/49 - (-4)/14. Calculate the remainder when 34 is divided by 1/3 + o/(-6).
10
Suppose 4*c + 40 = 4*v, 0*c + c = -2*v + 5. What is the remainder when v is divided by (-4)/(-1) + (-14 - -12)?
1
Let z be 70/25 - (-2)/10. Suppose h - 6 = -2*n - 2, 4*h = -z*n + 31. Calculate the remainder when h is divided by 3.
1
Suppose -4*k - 14 = -6. What is the remainder when 48 is divided by (5 - 3)*(-25)/k?
23
What is the remainder when (-4)/(-3)*15/2 is divided by 4?
2
Suppose 0 = -4*n + 22 + 14. Suppose -4*l = 5*a - 54 - 87, 2*a + 3*l - 62 = 0. What is the remainder when a is divided by n?
7
Suppose 55 = 4*s - d - 4*d, -5*d - 35 = -3*s. What is the remainder when 77 is divided by s?
17
Suppose -j - 4 = 3*j - 5*b, 2*j - 2*b = 0. Calculate the remainder when 15 - -1 - (1 + 1) is divided by j.
2
Let j be (55 - -3)*(-1)/2. Let v = j - -59. What is the remainder when v is divided by 16?
14
Suppose 3 = -3*g + 2*b + 84, 2*g = -3*b + 54. What is the remainder when 79 is divided by g?
25
Let m(j) = -3*j + 1. Let x be 1 + -2 - -4 - -1. Let h be m(x). Let q = 55 + h. Calculate the remainder when q is divided by 15.
14
Let s be -2*(-1 + (-39)/2). Suppose 4*b = 3*z - 0*b + 1, 5*z = 5*b. Let d = s - z. What is the remainder when d is divided by 14?
12
Suppose -144 = -4*l + 96. What is the remainder when l is divided by 21?
18
Suppose 0 = 40*w - 41*w + 43. What is the remainder when w is divided by 23?
20
Let l = 32 - 0. Calculate the remainder when l is divided by 7.
4
Let r = -23 + 61. What is the remainder when r is divided by 20?
18
Let p = 1 + 2. Let b(o) = o**2 - 3*o - 2. Let a be b(-2). What is the remainder when 346/a - p/12 is divided by 22?
21
Suppose 5*t 